181
List the prime factors of 20627.
20627
List the prime factors of 81889.
17, 4817
What are the prime factors of 12604?
2, 23, 137
What are the prime factors of 5274?
2, 3, 293
List the prime factors of 32669.
7, 13, 359
List the prime factors of 1105.
5, 13, 17
List the prime factors of 17621.
67, 263
What are the prime factors of 26697?
3, 11, 809
What are the prime factors of 1128?
2, 3, 47
What are the prime factors of 2899?
13, 223
What are the prime factors of 10332?
2, 3, 7, 41
What are the prime factors of 93350?
2, 5, 1867
What are the prime factors of 15322?
2, 47, 163
List the prime factors of 6096.
2, 3, 127
List the prime factors of 41556.
2, 3, 3463
List the prime factors of 5046.
2, 3, 29
List the prime factors of 27716.
2, 13, 41
What are the prime factors of 35798?
2, 7, 2557
List the prime factors of 3329.
3329
What are the prime factors of 1280?
2, 5
What are the prime factors of 671?
11, 61
List the prime factors of 728.
2, 7, 13
What are the prime factors of 57595?
5, 11519
List the prime factors of 78656.
2, 1229
List the prime factors of 3480.
2, 3, 5, 29
What are the prime factors of 4984?
2, 7, 89
What are the prime factors of 3850?
2, 5, 7, 11
List the prime factors of 919.
919
List the prime factors of 1358.
2, 7, 97
List the prime factors of 183.
3, 61
What are the prime factors of 19549?
113, 173
What are the prime factors of 8912?
2, 557
List the prime factors of 479.
479
What are the prime factors of 3027?
3, 1009
List the prime factors of 106090.
2, 5, 103
What are the prime factors of 2272?
2, 71
List the prime factors of 1024.
2
List the prime factors of 174.
2, 3, 29
List the prime factors of 735.
3, 5, 7
What are the prime factors of 43208?
2, 11, 491
List the prime factors of 117475.
5, 37, 127
What are the prime factors of 1178?
2, 19, 31
List the prime factors of 4412.
2, 1103
List the prime factors of 2561.
13, 197
What are the prime factors of 23288?
2, 41, 71
List the prime factors of 15363.
3, 569
What are the prime factors of 164413?
164413
List the prime factors of 548.
2, 137
What are the prime factors of 57791?
57791
What are the prime factors of 30451?
37, 823
List the prime factors of 1092.
2, 3, 7, 13
List the prime factors of 25915.
5, 71, 73
List the prime factors of 62292.
2, 3, 29, 179
What are the prime factors of 435?
3, 5, 29
What are the prime factors of 39513?
3, 13171
What are the prime factors of 2074?
2, 17, 61
What are the prime factors of 3664?
2, 229
What are the prime factors of 11074?
2, 7, 113
What are the prime factors of 8766?
2, 3, 487
List the prime factors of 15500.
2, 5, 31
List the prime factors of 2640.
2, 3, 5, 11
What are the prime factors of 13357?
19, 37
What are the prime factors of 7195?
5, 1439
What are the prime factors of 613?
613
What are the prime factors of 4095?
3, 5, 7, 13
What are the prime factors of 41633?
17, 31, 79
List the prime factors of 3168.
2, 3, 11
What are the prime factors of 461?
461
What are the prime factors of 13781?
13781
List the prime factors of 23216.
2, 1451
List the prime factors of 8150.
2, 5, 163
What are the prime factors of 50987?
67, 761
List the prime factors of 88733.
89, 997
List the prime factors of 20016.
2, 3, 139
List the prime factors of 44409.
3, 113, 131
What are the prime factors of 6034?
2, 7, 431
List the prime factors of 589.
19, 31
What are the prime factors of 47693?
37, 1289
What are the prime factors of 12410?
2, 5, 17, 73
What are the prime factors of 907?
907
List the prime factors of 268.
2, 67
List the prime factors of 867.
3, 17
List the prime factors of 2748.
2, 3, 229
What are the prime factors of 1284?
2, 3, 107
List the prime factors of 713.
23, 31
What are the prime factors of 99145?
5, 79, 251
List the prime factors of 799.
17, 47
List the prime factors of 1363.
29, 47
List the prime factors of 22091.
22091
What are the prime factors of 4863?
3, 1621
What are the prime factors of 7807?
37, 211
What are the prime factors of 921?
3, 307
List the prime factors of 564.
2, 3, 47
List the prime factors of 3550.
2, 5, 71
List the prime factors of 69.
3, 23
List the prime factors of 11114.
2, 5557
List the prime factors of 1145.
5, 229
List the prime factors of 4579.
19, 241
What are the prime factors of 4121?
13, 317
List the prime factors of 1750.
2, 5, 7
What are the prime factors of 2569?
7, 367
List the prime factors of 6811.
7, 139
What are the prime factors of 124705?
5, 7, 509
List the prime factors of 20147.
20147
What are the prime factors of 133148?
2, 33287
List the prime factors of 948.
2, 3, 79
What are the prime factors of 1061?
1061
List the prime factors of 151333.
7, 13, 1663
What are the prime factors of 9024?
2, 3, 47
List the prime factors of 2449.
31, 79
List the prime factors of 5436.
2, 3, 151
What are the prime factors of 515?
5, 103
What are the prime factors of 1659?
3, 7, 79
What are the prime factors of 6401?
37, 173
List the prime factors of 132075.
3, 5, 587
What are the prime factors of 34691?
113, 307
What are the prime factors of 520?
2, 5, 13
What are the prime factors of 1659?
3, 7, 79
List the prime factors of 3608.
2, 11, 41
What are the prime factors of 146615?
5, 7, 59, 71
List the prime factors of 43638.
2, 3, 7, 1039
What are the prime factors of 9537?
3, 11, 17
What are the prime factors of 2594?
2, 1297
What are the prime factors of 28144?
2, 1759
List the prime factors of 10846.
2, 11, 17, 29
List the prime factors of 19066.
2, 9533
What are the prime factors of 40026?
2, 3, 7, 953
List the prime factors of 7029.
3, 11, 71
What are the prime factors of 2587?
13, 199
What are the prime factors of 1127?
7, 23
What are the prime factors of 2922?
2, 3, 487
List the prime factors of 1315.
5, 263
List the prime factors of 18554.
2, 9277
List the prime factors of 1288.
2, 7, 23
What are the prime factors of 1540?
2, 5, 7, 11
What are the prime factors of 1844?
2, 461
List the prime factors of 7318.
2, 3659
List the prime factors of 20177.
20177
What are the prime factors of 2953?
2953
What are the prime factors of 2403?
3, 89
List the prime factors of 22096.
2, 1381
What are the prime factors of 5414?
2, 2707
What are the prime factors of 77071?
37, 2083
What are the prime factors of 5508?
2, 3, 17
List the prime factors of 171.
3, 19
What are the prime factors of 24612?
2, 3, 7, 293
What are the prime factors of 476?
2, 7, 17
List the prime factors of 37393.
61, 613
What are the prime factors of 508?
2, 127
What are the prime factors of 21894?
2, 3, 41, 89
List the prime factors of 2146.
2, 29, 37
List the prime factors of 7325.
5, 293
List the prime factors of 8702.
2, 19, 229
List the prime factors of 41983.
41983
List the prime factors of 1804.
2, 11, 41
List the prime factors of 7138.
2, 43, 83
List the prime factors of 5824.
2, 7, 13
List the prime factors of 64760.
2, 5, 1619
What are the prime factors of 11385?
3, 5, 11, 23
List the prime factors of 6553.
6553
What are the prime factors of 2867?
47, 61
What are the prime factors of 105829?
105829
List the prime factors of 620.
2, 5, 31
List the prime factors of 7499.
7499
List the prime factors of 10245.
3, 5, 683
List the prime factors of 3104.
2, 97
What are the prime factors of 324?
2, 3
What are the prime factors of 17807?
17807
What are the prime factors of 19890?
2, 3, 5, 13, 17
List the prime factors of 776.
2, 97
What are the prime factors of 8521?
8521
What are the prime factors of 12978?
2, 3, 7, 103
List the prime factors of 57686.
2, 28843
List the prime factors of 26181.
3, 2909
List the prime factors of 3227.
7, 461
What are the prime factors of 134119?
71, 1889
List the prime factors of 2832.
2, 3, 59
What are the prime factors of 27456?
2, 3, 11, 13
What are the prime factors of 968?
2, 11
What are the prime factors of 593?
593
What are the prime factors of 3308?
2, 827
What are the prime factors of 3024?
2, 3, 7
What are the prime factors of 6083?
7, 11, 79
List the prime factors of 66908.
2, 43, 389
What are the prime factors of 16471?
7, 13, 181
What are the prime factors of 3981?
3, 1327
What are the prime factors of 1926?
2, 3, 107
List the prime factors of 1321.
1321
What are the prime factors of 2788?
2, 17, 41
List the prime factors of 10873.
83, 131
List the prime factors of 1361